s -17264431 + 3?
-17264427
In base 11, what is -1347 + 621?
-826
In base 15, what is -32d + -103e?
-136c
In base 4, what is 121101 + 1001032?
1122133
In base 6, what is -104421333 + -10?
-104421343
In base 6, what is -2052240 - 31251?
-2123531
In base 9, what is 55651 - -256?
56017
In base 10, what is -281 - 61086?
-61367
In base 3, what is -20011002112122 + 10?
-20011002112112
In base 9, what is 1478 + 15152?
16641
In base 11, what is -5 + 1454948?
1454943
In base 5, what is -44 + -12423030430?
-12423031024
In base 6, what is 32320 - -12512?
45232
In base 4, what is 132 - 223202211?
-223202013
In base 2, what is -11010110110110111010001111 - 101?
-11010110110110111010010100
In base 12, what is 19b62a86 + 0?
19b62a86
In base 12, what is -10 + -212474?
-212484
In base 8, what is -2176212 + -24?
-2176236
In base 9, what is 742102 - 688?
741303
In base 7, what is -14112361 + -12?
-14112403
In base 11, what is -a130116 + -2?
-a130118
In base 16, what is 88 - af7d?
-aef5
In base 6, what is -241 + 44033?
43352
In base 4, what is -100012310 + 203?
-100012101
In base 14, what is -dac5001c + -2?
-dac50020
In base 10, what is 29572 - 395?
29177
In base 2, what is 1011111 + -1010000000100110100?
-1010000000011010101
In base 5, what is -203421342423 + 10?
-203421342413
In base 15, what is -6 + -60531b8?
-60531be
In base 10, what is -1910229 - 8?
-1910237
In base 8, what is 100171 + 5275?
105466
In base 6, what is 3 - -1221220100?
1221220103
In base 10, what is -40937320 - 3?
-40937323
In base 5, what is -3103122103 + -3?
-3103122111
In base 6, what is 5 + -22355232?
-22355223
In base 13, what is 16ac + -1c34?
-555
In base 6, what is -55150151 + -10?
-55150201
In base 12, what is 19 + 10a40113?
10a40130
In base 8, what is 2031410 - -30?
2031440
In base 10, what is -384233 + 8?
-384225
In base 8, what is 10650634 + 4?
10650640
In base 6, what is 1 - 11444420051?
-11444420050
In base 4, what is 1023322302 + -211?
1023322031
In base 4, what is 210 - -101011102012?
101011102222
In base 9, what is -1316044 + -40?
-1316084
In base 12, what is 143a37 + -85?
143972
In base 15, what is -38d - -48846?
484a8
In base 15, what is 19b056b + -8?
19b0563
In base 3, what is 2111112022 - -10202?
2111200001
In base 15, what is -2 + -955a34?
-955a36
In base 11, what is -25923698 + 4?
-25923694
In base 15, what is -1 + 101972d?
101972c
In base 15, what is ea5 - 182?
d23
In base 11, what is 189 - -22145?
22323
In base 14, what is -3 - 14a153b?
-14a1540
In base 3, what is 1002 - -202010100011?
202010101020
In base 2, what is -10000111 - -101001111000110011100?
101001111000100010101
In base 2, what is -10010111000011011010 + 1010110?
-10010111000010000100
In base 10, what is 2776 - -51023?
53799
In base 9, what is 576 - 30825?
-30238
In base 13, what is 598 + -a583?
-9cb8
In base 4, what is -1322200023010 + 11?
-1322200022333
In base 5, what is 140001233 - 323?
140000410
In base 14, what is 271 + 11547?
117b8
In base 7, what is -1532 - -60350?
55515
In base 2, what is -100 + -1111001100100111110110?
-1111001100100111111010
In base 13, what is b0 + -5560a?
-5552a
In base 4, what is 1100011120 - 1323?
1100003131
In base 10, what is -2371 + -1232?
-3603
In base 5, what is 2 - -32444121?
32444123
In base 3, what is -102101 - 100111210011220?
-100111210121021
In base 16, what is 4d71b2 - -33?
4d71e5
In base 16, what is 795 + -d0a0?
-c90b
In base 9, what is 185784375 - 4?
185784371
In base 16, what is 2 + 20c94cb?
20c94cd
In base 11, what is -1 + 298108?
298107
In base 13, what is -a667 - 37b?
-aa15
In base 16, what is -4 - -3f5cc?
3f5c8
In base 4, what is -121313301210 + 10?
-121313301200
In base 10, what is 2865 + 1065?
3930
In base 15, what is 9 - -10ac91?
10ac9a
In base 15, what is -7dab8 + -52?
-7db1a
In base 15, what is -4 - 1189e2?
-1189e6
In base 15, what is ace + 363?
e42
In base 5, what is -1244004 - -13243?
-1230211
In base 4, what is 301120203010 - 11?
301120202333
In base 16, what is 4d4 + -87ca?
-82f6
In base 10, what is -747033 + -11?
-747044
In base 12, what is -5423 - 23b86?
-293a9
In base 5, what is 113 + 10431040431?
10431041044
In base 12, what is -2 + 4097000?
4096bba
In base 7, what is -14413 - 20355?
-35101
In base 16, what is -221 - -5e0d?
5bec
In base 10, what is 61 + 910804?
910865
In base 8, what is -54272 - 4441?
-60733
In base 3, what is -1102000120101 + -101200?
-1102000222001
In base 5, what is 13241241 + -2?
13241234
In base 14, what is -3 - -42644b?
426448
In base 15, what is 1 + -9ed5c78?
-9ed5c77
In base 2, what is 10100011001000000 - 10100001101111?
10001110111010001
In base 2, what is -11101 - -100011101001110100001?
100011101001110000100
In base 8, what is 5511261 + -5?
5511254
In base 3, what is 10211220220020 + 10?
10211220220100
In base 3, what is 20022200 - -202220221?
1000020121
In base 16, what is -9 - -227781b?
2277812
In base 9, what is -7723 - 61412?
-70235
In base 16, what is 9075 + -310?
8d65
In base 10, what is -145645 + 316?
-145329
In base 13, what is a1779c85 - -2?
a1779c87
In base 12, what is b7 + -33028a?
-330193
In base 4, what is -22332123 - -1210?
-22330313
In base 8, what is 43574 + -4534?
37040
In base 11, what is -11757572 - 1?
-11757573
In base 8, what is 5521671 - 2?
5521667
In base 9, what is -22 - -12462182?
12462160
In base 9, what is -43 + -253088?
-253142
In base 9, what is 824 - 1028?
-104
In base 11, what is 47802 - 965?
46948
In base 14, what is 5 + d3197d9?
d319800
In base 3, what is -20111101112 + 11?
-20111101101
In base 7, what is 156265203 - -3?
156265206
In base 10, what is -64490 + 274?
-64216
In base 7, what is 24622223 + 4?
24622230
In base 12, what is 8008b - 1?
8008a
In base 8, what is 12 - -147240236?
147240250
In base 16, what is -78376 - e?
-78384
In base 8, what is 145445 - -2422?
150067
In base 4, what is -30111303 - -22022?
-30023221
In base 4, what is -2222 + -112233010233?
-112233013121
In base 2, what is 110101010111011101011011 - 11000?
110101010111011101000011
In base 10, what is -111215 + 458?
-110757
In base 3, what is 21002 - -1120210221?
1121002000
In base 2, what is -1011011001010 - 10001001100011100?
-10010100111100110
In base 12, what is 16018 - 219?
159bb
In base 3, what is -100111 - -122222012112?
122221212001
In base 6, what is 53 - 2555344432?
-2555344335
In base 6, what is 150332553211 + 2?
150332553213
In base 6, what is -350 - -21141325?
21140535
In base 8, what is -50 - 210423?
-210473
In base 16, what is -ca2d98 - 9?
-ca2da1
In base 2, what is 1000 + -10100111011011?
-10100111010011
In base 10, what is -13943827 - -9?
-13943818
In base 4, what is 2133032212 + 2033?
2133100311
In base 6, what is 2 - -3401411321?
3401411323
In base 4, what is -1 - -30231210211?
30231210210
In base 8, what is 4652755 + -434?
4652321
In base 13, what is 12 - -c1410?
c1422
In base 3, what is -1011002110201 - 12?
-1011002110220
In base 7, what is -31254 + 331?
-30623
In base 12, what is -a45 + -34880?
-35705
In base 8, what is -3603161 + -2?
-3603163
In base 8, what is -103542673 - 2?
-103542675
In base 5, what is 134002 + 210422?
344424
In base 4, what is 3223331 - 10201221?
-311230
In base 8, what is 216436 - 67?
216347
In base 8, what is 2 - 7501546?
-7501544
In base 3, what is -122110222210 + -10110?
-122111010020
In base 3, what is -10 - 2111120101110?
-2111120101120
In base 2, what is 110110101110101111001001 - -10011?
110110101110101111011100
In base 14, what is 65c + 50971?
511cd
In base 16, what is -13 - -5bbb?
5ba8
In base 12, what is -1aa876 + -247?
-1aab01
In base 8, what is 353 - -11233?
11606
In base 16, what is -38e4fd + -18f?
-38e68c
In base 3, what is -10102220200012220 + 0?
-10102220200012220
In base 8, what is -70206 - 34?
-70242
In base 10, what is -11456916 - 6?
-11456922
In base 15, what is -66 + 3d3e?
3cc8
In base 10, what is -407135 - -11?
-407124
In base 4, what is 1333131 - -1230320?
3230111
In base 10, what is 803 + 20657?
21460
In base 8, what is 6740 - 37517?
-30557
In base 16, what is -19 + -261c4?
-261dd
In base 5, what is -1311 + 12033113?
12031302
In base 7, what is 1 - 1164110064?
-1164110063
In base 16, what is 43 - f8491?
-f844e
In base 4, what is -322002 - -33203121?
32221113
In base 12, what is -455 + -24ba3?
-25438
In base 11, what is 11595546a + 3?
11595547